{"id":1119,"date":"2019-12-11T16:59:29","date_gmt":"2019-12-11T15:59:29","guid":{"rendered":"https:\/\/www.arcaro.ch\/new\/?page_id=1119"},"modified":"2026-01-15T14:32:06","modified_gmt":"2026-01-15T13:32:06","slug":"mesmerize","status":"publish","type":"page","link":"https:\/\/www.arcaro.ch\/","title":{"rendered":"Front Page"},"content":{"rendered":"\t\t<div data-elementor-type=\"wp-page\" data-elementor-id=\"1119\" class=\"elementor elementor-1119\">\n\t\t\t\t\t\t<section class=\"elementor-section elementor-top-section elementor-element elementor-element-1ec12ad elementor-section-boxed elementor-section-height-default elementor-section-height-default\" data-id=\"1ec12ad\" data-element_type=\"section\">\n\t\t\t\t\t\t<div class=\"elementor-container elementor-column-gap-default\">\n\t\t\t\t\t<div class=\"elementor-column elementor-col-100 elementor-top-column elementor-element elementor-element-a47ab4c\" data-id=\"a47ab4c\" data-element_type=\"column\">\n\t\t\t<div class=\"elementor-widget-wrap\">\n\t\t\t\t\t\t\t<\/div>\n\t\t<\/div>\n\t\t\t\t\t<\/div>\n\t\t<\/section>\n\t\t\t\t<section class=\"elementor-section elementor-top-section elementor-element elementor-element-678886c3 elementor-section-full_width elementor-section-height-default elementor-section-height-default\" data-id=\"678886c3\" data-element_type=\"section\">\n\t\t\t\t\t\t<div class=\"elementor-container elementor-column-gap-default\">\n\t\t\t\t\t<div class=\"elementor-column elementor-col-100 elementor-top-column elementor-element elementor-element-48fede1c\" data-id=\"48fede1c\" data-element_type=\"column\">\n\t\t\t<div class=\"elementor-widget-wrap elementor-element-populated\">\n\t\t\t\t\t\t<div class=\"elementor-element elementor-element-3a583073 elementor-widget elementor-widget-text-editor\" data-id=\"3a583073\" data-element_type=\"widget\" data-widget_type=\"text-editor.default\">\n\t\t\t\t<div class=\"elementor-widget-container\">\n\t\t\t\t\t\t\t\t\t<div id=\"latest-news-1\" style=\"background-color: #f5fafd;\" data-label=\"Latest-news\" data-id=\"blog-section-mc\" data-export-id=\"blog-section-mc\" data-category=\"latest_news\" class=\"blog-section-mc blog-section-standard content-section content-section-spacing\">\n<div class=\"gridContainer\">\n<div class=\"row\">\n<div data-type=\"column\" class=\"section-title-col\">\n<h2 class=\"\">\u00dcbersicht der neusten Beitr\u00e4ge<\/h2>\n<\/div>\n<\/div>\n<div class=\"row\">\n<div data-type=\"row\" data-dynamic-columns=\"handled\" data-content-shortcode=\"mesmerize_latest_news posts=&quot;3&quot;\">\t\t<div class=\"row center-sm content-left-sm\">\n\t\t\t\t\t<div id=\"post-16311\" class=\"col-sm-6 col-md-4 space-bottom space-bottom-xs\">\n\t\t\t\t<div class=\"post-content card y-move bordered\">\n\t\t\t\t\t<div class=\"post-thumbnail\">\n   <a href=\"https:\/\/www.arcaro.ch\/?p=16311\" class=\"post-list-item-thumb \">\n      <img fetchpriority=\"high\" decoding=\"async\" width=\"1024\" height=\"576\" src=\"https:\/\/www.arcaro.ch\/wp-content\/uploads\/2026\/01\/Sydney-8-1024x576.jpg\" class=\"attachment-post-thumbnail size-post-thumbnail wp-post-image\" alt=\"\" srcset=\"https:\/\/www.arcaro.ch\/wp-content\/uploads\/2026\/01\/Sydney-8-1024x576.jpg 1024w, https:\/\/www.arcaro.ch\/wp-content\/uploads\/2026\/01\/Sydney-8-300x169.jpg 300w, https:\/\/www.arcaro.ch\/wp-content\/uploads\/2026\/01\/Sydney-8-768x432.jpg 768w, https:\/\/www.arcaro.ch\/wp-content\/uploads\/2026\/01\/Sydney-8.jpg 1422w\" sizes=\"(max-width: 1024px) 100vw, 1024px\" \/>   <\/a>\n<\/div>\n\t\t\t\t\t<div class=\"col-padding col-padding-xs\">\n\t\t\t\t\t\t<h3 class=\"post-title space-bottom-small\">\n\t\t\t\t\t\t\t<a href=\"https:\/\/www.arcaro.ch\/?p=16311\" rel=\"bookmark\">\n\t\t\t\t\t\t\t\tTraumkreuzfahrt Pazifik\t\t\t\t\t\t\t<\/a>\n\t\t\t\t\t\t<\/h3>\n\t\t\t\t\t\t<p>Nach einer f\u00fcr uns langen Duststrecke haben wir nun wieder eine Kreuzfahrt gebucht und zwar eine 4-w\u00f6chige Fahrt auf dem Pazifischen Ozean. Im ganzen werden wir 33 Tage unterwegs sein.Zuerst[&hellip;]<\/p>\n\t\t\t\t\t\t<a class=\"read-more link\" href=\"https:\/\/www.arcaro.ch\/?p=16311\">\n\t\t\t\t\t\t\tRead more\t\t\t\t\t\t<\/a>\n\t\t\t\t\t<\/div>\n\t\t\t\t<\/div>\n\t\t\t<\/div>\n\t\t\t\t\t\t<div id=\"post-15914\" class=\"col-sm-6 col-md-4 space-bottom space-bottom-xs\">\n\t\t\t\t<div class=\"post-content card y-move bordered\">\n\t\t\t\t\t<div class=\"post-thumbnail\">\n   <a href=\"https:\/\/www.arcaro.ch\/?p=15914\" class=\"post-list-item-thumb \">\n      <img decoding=\"async\" width=\"1024\" height=\"576\" src=\"https:\/\/www.arcaro.ch\/wp-content\/uploads\/2025\/09\/Camping-Tredue_11.jpg\" class=\"attachment-post-thumbnail size-post-thumbnail wp-post-image\" alt=\"\" srcset=\"https:\/\/www.arcaro.ch\/wp-content\/uploads\/2025\/09\/Camping-Tredue_11.jpg 1024w, https:\/\/www.arcaro.ch\/wp-content\/uploads\/2025\/09\/Camping-Tredue_11-300x169.jpg 300w, https:\/\/www.arcaro.ch\/wp-content\/uploads\/2025\/09\/Camping-Tredue_11-768x432.jpg 768w\" sizes=\"(max-width: 1024px) 100vw, 1024px\" \/>   <\/a>\n<\/div>\n\t\t\t\t\t<div class=\"col-padding col-padding-xs\">\n\t\t\t\t\t\t<h3 class=\"post-title space-bottom-small\">\n\t\t\t\t\t\t\t<a href=\"https:\/\/www.arcaro.ch\/?p=15914\" rel=\"bookmark\">\n\t\t\t\t\t\t\t\tBella Italia &#8211; Camping an der Adria\t\t\t\t\t\t\t<\/a>\n\t\t\t\t\t\t<\/h3>\n\t\t\t\t\t\t<p>Auf geht&#8217;s in den S\u00fcden. Koffer, resp. Wohnmobil ist gepackt. Die Reise kann losgehen. Wir steuern diesmal 2 Campingpl\u00e4tze an der Adria an. Als erster ein Platz nahe Ravenna, dann[&hellip;]<\/p>\n\t\t\t\t\t\t<a class=\"read-more link\" href=\"https:\/\/www.arcaro.ch\/?p=15914\">\n\t\t\t\t\t\t\tRead more\t\t\t\t\t\t<\/a>\n\t\t\t\t\t<\/div>\n\t\t\t\t<\/div>\n\t\t\t<\/div>\n\t\t\t\t\t\t<div id=\"post-15539\" class=\"col-sm-6 col-md-4 space-bottom space-bottom-xs\">\n\t\t\t\t<div class=\"post-content card y-move bordered\">\n\t\t\t\t\t<div class=\"post-thumbnail\">\n   <a href=\"https:\/\/www.arcaro.ch\/?p=15539\" class=\"post-list-item-thumb \">\n      <img decoding=\"async\" width=\"1024\" height=\"576\" src=\"https:\/\/www.arcaro.ch\/wp-content\/uploads\/2025\/07\/Muottas-Muragl_01.jpg\" class=\"attachment-post-thumbnail size-post-thumbnail wp-post-image\" alt=\"\" srcset=\"https:\/\/www.arcaro.ch\/wp-content\/uploads\/2025\/07\/Muottas-Muragl_01.jpg 1024w, https:\/\/www.arcaro.ch\/wp-content\/uploads\/2025\/07\/Muottas-Muragl_01-300x169.jpg 300w, https:\/\/www.arcaro.ch\/wp-content\/uploads\/2025\/07\/Muottas-Muragl_01-768x432.jpg 768w\" sizes=\"(max-width: 1024px) 100vw, 1024px\" \/>   <\/a>\n<\/div>\n\t\t\t\t\t<div class=\"col-padding col-padding-xs\">\n\t\t\t\t\t\t<h3 class=\"post-title space-bottom-small\">\n\t\t\t\t\t\t\t<a href=\"https:\/\/www.arcaro.ch\/?p=15539\" rel=\"bookmark\">\n\t\t\t\t\t\t\t\tVon &#8222;Allem&#8220; etwas &#8211; Berge, Seen, Meer und Kulinarik\t\t\t\t\t\t\t<\/a>\n\t\t\t\t\t\t<\/h3>\n\t\t\t\t\t\t<p>Unsere grosse Camping-Reise beginnt in Grainau bei der Zugspitze &nbsp; &nbsp; 2012 waren wir schon mal hier und wollten auf die Zusspitze. Mit 2962 m \u00fc.M. ist sie der h\u00f6chste[&hellip;]<\/p>\n\t\t\t\t\t\t<a class=\"read-more link\" href=\"https:\/\/www.arcaro.ch\/?p=15539\">\n\t\t\t\t\t\t\tRead more\t\t\t\t\t\t<\/a>\n\t\t\t\t\t<\/div>\n\t\t\t\t<\/div>\n\t\t\t<\/div>\n\t\t\t\t\t\t<div id=\"post-15176\" class=\"col-sm-6 col-md-4 space-bottom space-bottom-xs\">\n\t\t\t\t<div class=\"post-content card y-move bordered\">\n\t\t\t\t\t<div class=\"post-thumbnail\">\n   <a href=\"https:\/\/www.arcaro.ch\/?p=15176\" class=\"post-list-item-thumb \">\n      <img loading=\"lazy\" decoding=\"async\" width=\"1024\" height=\"766\" src=\"https:\/\/www.arcaro.ch\/wp-content\/uploads\/2025\/03\/Carnevale-Venezia.jpg\" class=\"attachment-post-thumbnail size-post-thumbnail wp-post-image\" alt=\"\" srcset=\"https:\/\/www.arcaro.ch\/wp-content\/uploads\/2025\/03\/Carnevale-Venezia.jpg 1024w, https:\/\/www.arcaro.ch\/wp-content\/uploads\/2025\/03\/Carnevale-Venezia-300x224.jpg 300w, https:\/\/www.arcaro.ch\/wp-content\/uploads\/2025\/03\/Carnevale-Venezia-768x575.jpg 768w\" sizes=\"(max-width: 1024px) 100vw, 1024px\" \/>   <\/a>\n<\/div>\n\t\t\t\t\t<div class=\"col-padding col-padding-xs\">\n\t\t\t\t\t\t<h3 class=\"post-title space-bottom-small\">\n\t\t\t\t\t\t\t<a href=\"https:\/\/www.arcaro.ch\/?p=15176\" rel=\"bookmark\">\n\t\t\t\t\t\t\t\tCarnevale Venezia 2025\t\t\t\t\t\t\t<\/a>\n\t\t\t\t\t\t<\/h3>\n\t\t\t\t\t\t<p>Die f\u00fcnfte Jahreszeit ist angebrochen. F\u00fcr die einen ist das &#8222;Fasching&#8220;, &#8222;Fasenacht&#8220; oder &#8222;Karneval&#8220;, f\u00fcr uns ist das &#8222;Canevale in Venezia&#8220;.Kurze Einf\u00fchrungDer Karneval in Venedig unterscheidet sich in der Art[&hellip;]<\/p>\n\t\t\t\t\t\t<a class=\"read-more link\" href=\"https:\/\/www.arcaro.ch\/?p=15176\">\n\t\t\t\t\t\t\tRead more\t\t\t\t\t\t<\/a>\n\t\t\t\t\t<\/div>\n\t\t\t\t<\/div>\n\t\t\t<\/div>\n\t\t\t\t\t\t<div id=\"post-14971\" class=\"col-sm-6 col-md-4 space-bottom space-bottom-xs\">\n\t\t\t\t<div class=\"post-content card y-move bordered\">\n\t\t\t\t\t<div class=\"post-thumbnail\">\n   <a href=\"https:\/\/www.arcaro.ch\/?p=14971\" class=\"post-list-item-thumb \">\n      <img loading=\"lazy\" decoding=\"async\" width=\"1024\" height=\"569\" src=\"https:\/\/www.arcaro.ch\/wp-content\/uploads\/2025\/02\/Berner-Oberland-1024x569.jpg\" class=\"attachment-post-thumbnail size-post-thumbnail wp-post-image\" alt=\"\" srcset=\"https:\/\/www.arcaro.ch\/wp-content\/uploads\/2025\/02\/Berner-Oberland-1024x569.jpg 1024w, https:\/\/www.arcaro.ch\/wp-content\/uploads\/2025\/02\/Berner-Oberland-300x167.jpg 300w, https:\/\/www.arcaro.ch\/wp-content\/uploads\/2025\/02\/Berner-Oberland-768x427.jpg 768w, https:\/\/www.arcaro.ch\/wp-content\/uploads\/2025\/02\/Berner-Oberland-1536x854.jpg 1536w, https:\/\/www.arcaro.ch\/wp-content\/uploads\/2025\/02\/Berner-Oberland.jpg 1768w\" sizes=\"(max-width: 1024px) 100vw, 1024px\" \/>   <\/a>\n<\/div>\n\t\t\t\t\t<div class=\"col-padding col-padding-xs\">\n\t\t\t\t\t\t<h3 class=\"post-title space-bottom-small\">\n\t\t\t\t\t\t\t<a href=\"https:\/\/www.arcaro.ch\/?p=14971\" rel=\"bookmark\">\n\t\t\t\t\t\t\t\tDas Berner Oberland ist immer wieder einen Besuch wert\t\t\t\t\t\t\t<\/a>\n\t\t\t\t\t\t<\/h3>\n\t\t\t\t\t\t<p>Was macht man, wenn einem im Februar im Unterland die Nebeldecke auf den Kopf f\u00e4llt?Man packt seine Koffer, resp. bei uns das Wohnmobil und f\u00e4hrt in die H\u00f6he. Klar ist,[&hellip;]<\/p>\n\t\t\t\t\t\t<a class=\"read-more link\" href=\"https:\/\/www.arcaro.ch\/?p=14971\">\n\t\t\t\t\t\t\tRead more\t\t\t\t\t\t<\/a>\n\t\t\t\t\t<\/div>\n\t\t\t\t<\/div>\n\t\t\t<\/div>\n\t\t\t\t<\/div>\n\t<\/div><\/div><\/div>\n<\/div>\t\t\t\t\t\t\t\t<\/div>\n\t\t\t\t<\/div>\n\t\t\t\t\t<\/div>\n\t\t<\/div>\n\t\t\t\t\t<\/div>\n\t\t<\/section>\n\t\t\t\t<section class=\"elementor-section elementor-top-section elementor-element elementor-element-eaeb061 elementor-section-boxed elementor-section-height-default elementor-section-height-default\" data-id=\"eaeb061\" data-element_type=\"section\">\n\t\t\t\t\t\t<div class=\"elementor-container elementor-column-gap-default\">\n\t\t\t\t\t<div class=\"elementor-column elementor-col-100 elementor-top-column elementor-element elementor-element-5654b09\" data-id=\"5654b09\" data-element_type=\"column\">\n\t\t\t<div class=\"elementor-widget-wrap elementor-element-populated\">\n\t\t\t\t\t\t<div class=\"elementor-element elementor-element-71eaf2b elementor-align-center elementor-widget elementor-widget-button\" data-id=\"71eaf2b\" data-element_type=\"widget\" data-widget_type=\"button.default\">\n\t\t\t\t<div class=\"elementor-widget-container\">\n\t\t\t\t\t\t\t\t\t<div class=\"elementor-button-wrapper\">\n\t\t\t\t\t<a class=\"elementor-button elementor-button-link elementor-size-sm\" href=\"https:\/\/www.arcaro.ch\/?page_id=1120\">\n\t\t\t\t\t\t<span class=\"elementor-button-content-wrapper\">\n\t\t\t\t\t\t\t\t\t<span class=\"elementor-button-text\">Alle Beitr\u00e4ge ab November 2019 ansehen<\/span>\n\t\t\t\t\t<\/span>\n\t\t\t\t\t<\/a>\n\t\t\t\t<\/div>\n\t\t\t\t\t\t\t\t<\/div>\n\t\t\t\t<\/div>\n\t\t\t\t\t<\/div>\n\t\t<\/div>\n\t\t\t\t\t<\/div>\n\t\t<\/section>\n\t\t\t\t<section class=\"elementor-section elementor-top-section elementor-element elementor-element-d95c422 elementor-section-boxed elementor-section-height-default elementor-section-height-default\" data-id=\"d95c422\" data-element_type=\"section\">\n\t\t\t\t\t\t<div class=\"elementor-container elementor-column-gap-default\">\n\t\t\t\t\t<div class=\"elementor-column elementor-col-100 elementor-top-column elementor-element elementor-element-198e5e5\" data-id=\"198e5e5\" data-element_type=\"column\">\n\t\t\t<div class=\"elementor-widget-wrap elementor-element-populated\">\n\t\t\t\t\t\t<div class=\"elementor-element elementor-element-59c5d04 elementor-widget elementor-widget-heading\" data-id=\"59c5d04\" data-element_type=\"widget\" data-widget_type=\"heading.default\">\n\t\t\t\t<div class=\"elementor-widget-container\">\n\t\t\t\t\t<h4 class=\"elementor-heading-title elementor-size-large\">Die restlichen Beitr\u00e4ge sieht du unter dem Hauptmen\u00fc \"Reisen\"<\/h4>\t\t\t\t<\/div>\n\t\t\t\t<\/div>\n\t\t\t\t\t<\/div>\n\t\t<\/div>\n\t\t\t\t\t<\/div>\n\t\t<\/section>\n\t\t\t\t<section class=\"elementor-section elementor-top-section elementor-element elementor-element-3b3f8c9 elementor-section-boxed elementor-section-height-default elementor-section-height-default\" data-id=\"3b3f8c9\" data-element_type=\"section\">\n\t\t\t\t\t\t<div class=\"elementor-container elementor-column-gap-default\">\n\t\t\t\t\t<div class=\"elementor-column elementor-col-100 elementor-top-column elementor-element elementor-element-445f99c\" data-id=\"445f99c\" data-element_type=\"column\">\n\t\t\t<div class=\"elementor-widget-wrap elementor-element-populated\">\n\t\t\t\t\t\t<div class=\"elementor-element elementor-element-421ee58 elementor-widget elementor-widget-spacer\" data-id=\"421ee58\" data-element_type=\"widget\" data-widget_type=\"spacer.default\">\n\t\t\t\t<div class=\"elementor-widget-container\">\n\t\t\t\t\t\t\t<div class=\"elementor-spacer\">\n\t\t\t<div class=\"elementor-spacer-inner\"><\/div>\n\t\t<\/div>\n\t\t\t\t\t\t<\/div>\n\t\t\t\t<\/div>\n\t\t\t\t\t<\/div>\n\t\t<\/div>\n\t\t\t\t\t<\/div>\n\t\t<\/section>\n\t\t\t\t<\/div>\n\t\t","protected":false},"excerpt":{"rendered":"","protected":false},"author":2,"featured_media":0,"parent":0,"menu_order":0,"comment_status":"closed","ping_status":"closed","template":"page-templates\/homepage.php","meta":{"footnotes":""},"class_list":["post-1119","page","type-page","status-publish","hentry"],"_links":{"self":[{"href":"https:\/\/www.arcaro.ch\/index.php?rest_route=\/wp\/v2\/pages\/1119"}],"collection":[{"href":"https:\/\/www.arcaro.ch\/index.php?rest_route=\/wp\/v2\/pages"}],"about":[{"href":"https:\/\/www.arcaro.ch\/index.php?rest_route=\/wp\/v2\/types\/page"}],"author":[{"embeddable":true,"href":"https:\/\/www.arcaro.ch\/index.php?rest_route=\/wp\/v2\/users\/2"}],"replies":[{"embeddable":true,"href":"https:\/\/www.arcaro.ch\/index.php?rest_route=%2Fwp%2Fv2%2Fcomments&post=1119"}],"version-history":[{"count":43,"href":"https:\/\/www.arcaro.ch\/index.php?rest_route=\/wp\/v2\/pages\/1119\/revisions"}],"predecessor-version":[{"id":13580,"href":"https:\/\/www.arcaro.ch\/index.php?rest_route=\/wp\/v2\/pages\/1119\/revisions\/13580"}],"wp:attachment":[{"href":"https:\/\/www.arcaro.ch\/index.php?rest_route=%2Fwp%2Fv2%2Fmedia&parent=1119"}],"curies":[{"name":"wp","href":"https:\/\/api.w.org\/{rel}","templated":true}]}}